(9). What is the remainder when 13 is divided by 1/((-2)/(-16)) + k?
5
Suppose -2 = 3*i - 8. Suppose -3*j - i = x - 29, -3*x = j - 1. Suppose 5*p - 3*a - 168 = 0, -1 = -4*a - 5. What is the remainder when p is divided by j?
3
Let k = 21909 - 21848. Calculate the remainder when 3903 is divided by k.
60
Suppose 26*b - 1152 - 3970 = 0. Suppose 504 + 568 = 16*k. Calculate the remainder when b is divided by k.
63
What is the remainder when 154/10*-5*(13 - 16) is divided by 228?
3
Let z(o) = 2*o**2 + 5*o + 5. Calculate the remainder when 69 + (-29302)/(-77) - (-6)/(-11) is divided by z(-5).
29
Let q(o) be the second derivative of o**5/20 + o**4/4 - o**3/3 - 16*o. Let u be q(-3). Calculate the remainder when 25 is divided by u/2 - (11 + -17).
7
Let b = 1572 + -2227. What is the remainder when b/(-10) - 21/14 is divided by 33?
31
Let u(k) = -3*k - 16*k - 83 - 2*k**2 - 13*k - 42. Suppose 60 = h + 4*h. What is the remainder when h is divided by u(-8)?
0
Suppose -4*m + 15 = -n, 9 = -8*m + 7*m - 4*n. Let c be -137 - (-10)/(5 - m). Let s = -24 - c. Calculate the remainder when s is divided by 22.
20
Suppose -17*d + 13*d + 8 = 0. Suppose -5*c = 4*f - 404, -d*c + 158 = 4*f - 6. Calculate the remainder when 62 is divided by (-92)/(-16) - 5/(c/12).
2
Suppose 13*f - 17031 = -391. Calculate the remainder when f is divided by 420.
20
Suppose 219*z - 19749 = 2808. What is the remainder when 1541 is divided by z?
99
Let m = 3143 - 3050. What is the remainder when 147 is divided by m?
54
Let y = -12765 - -12931. Calculate the remainder when 227 is divided by y.
61
Let r(p) be the second derivative of p**5/20 + 2*p**3/3 + 7*p**2 - 2*p + 2. What is the remainder when ((-2)/(-5))/((-3)/(-300)) + 1 is divided by r(0)?
13
Suppose 164*h - 15508 = 6468. Calculate the remainder when h is divided by 125.
9
What is the remainder when (1 - 3)/(7/(-2142)*3) is divided by 42?
36
What is the remainder when (60 - -44) + 24/4 is divided by 33?
11
Suppose 0*j - 3*j + 96 = 0. Suppose 2*q + j = 4*q. Suppose -q = -4*l + 4. Calculate the remainder when 8 is divided by l.
3
Let x = 146 - 63. Suppose g - 12 = -c, -c = 4*g - 7*g + 48. Suppose g*b - 655 + 25 = 0. What is the remainder when x is divided by b?
41
Let x(h) be the third derivative of -h**4/24 - 2*h**3/3 - 6*h**2. Let j be x(-13). Let c = j + 26. What is the remainder when c is divided by 9?
8
Let m = 10 + -13. Suppose 0 = -5*r + 3*r + 46. What is the remainder when r is divided by (21 + -3)*(-1 - 5/m)?
11
Let c be ((-115)/25 + 5)*220. Suppose f - c + 19 = 0. Calculate the remainder when (1 - (5 + -4)) + f is divided by 18.
15
Suppose 91 = f - 3*j, 0 = -8*f + 3*f + j + 469. Let p = -57441 - -57484. What is the remainder when f is divided by p?
8
Let l = 77 - -41. Let a = l + -112. Calculate the remainder when 33 is divided by a.
3
Suppose t = 5*h - 41, 21*t - 17*t - 4 = -h. Suppose 55 = 2*w - 3*n, -w + 4*n - 2*n + 30 = 0. Let p = -6 + w. Calculate the remainder when p is divided by h.
6
Suppose 6*t + 3*t - 4608 = 0. Calculate the remainder when (2 - -1)*t/24 is divided by 22.
20
Let s(g) = 155*g**2 + 11*g - 5. What is the remainder when 1526 is divided by s(-1)?
136
Let w = -47 + 108. Let u(t) = -t**3 + 22*t**2 + 30*t - 140. Calculate the remainder when w is divided by u(23).
19
Suppose j - 5*l = -0*j + 22, 2*j - 99 = -l. Let r be j/5 + (-12)/30. Suppose c - r = -2*c. Calculate the remainder when 17 is divided by c.
2
What is the remainder when ((-69550)/78 + 11)/(4/(-6)) is divided by 27?
25
Calculate the remainder when 87 is divided by -2 - ((-53)/17 - (-28)/238).
0
Suppose 0 = 2*f + 5*w - 131, 4*w - 3 = w. Suppose 4*h - 247 = -6*z + z, 0 = 3*h + 6. What is the remainder when z is divided by 3/f*7 + (-53)/(-3)?
15
Let s(v) = -493*v - 3148. What is the remainder when s(-7) is divided by 61?
59
Suppose -3*q + 34 = 5*w, -8 = -4*w + 12. Let v(u) = -16 + 3 + 10*u - u**2 - q. Calculate the remainder when 12 is divided by v(7).
2
Let q be 30/(-6)*1/(3/(-9)). Let y(c) = 2*c**3 - 28*c**2 - 18*c - 3. What is the remainder when y(q) is divided by 18?
15
Suppose 4*z - 3*z - 8 = -3*l, 0 = -5*z - 20. Suppose -w + 8 + 9 = l*o, -1 = -o. Let f = 35 - w. Calculate the remainder when f is divided by 7.
1
Suppose -6*b - 96 + 204 = 0. What is the remainder when 128 is divided by 3*(-6)/b*-11?
7
Suppose -3 = 3*b, -3*m + 22 = -m - 2*b. Suppose -51 = d - 2*d. What is the remainder when (2 - 1)*m/((-50)/(-1005)) is divided by d?
48
Let n(m) = -5*m + 48. Let a be n(9). Suppose 0*v + v + a = 0. Calculate the remainder when 2/v + (480/18 - -3) is divided by 10.
9
Let p = 1771 - 1710. Calculate the remainder when 1278 is divided by p.
58
Let p(u) = 3 + 5*u - 2 + 4. Let y be p(-4). Let r = 36 + y. Calculate the remainder when r is divided by 7.
0
Let m(c) = c**2 + 11*c - 2564. Calculate the remainder when 2313 is divided by m(46).
51
Suppose -23 = -o + 5*w + 4, 0 = -3*o - 2*w + 149. Calculate the remainder when 1126 is divided by o.
45
Suppose 0 = -4*d - 2*b + 124, 3*d + 169*b = 174*b + 106. Calculate the remainder when 3612 is divided by d.
28
Let k be (2 - (-370)/3) + (-108)/81. Suppose k = x + l, 3*x + l - 2*l - 360 = 0. Calculate the remainder when x is divided by 42.
37
Let p(j) = -j**3 - 5*j**2 - 7. Let l be p(-4). Let u(q) = -q + 33. Let w be u(0). Let s = w + l. What is the remainder when 34 is divided by s?
4
Calculate the remainder when 485 is divided by (1/(-2) - 1691/114 - 6)*-3.
37
Suppose 0 = 2*k - 4*y + 7*y - 48, -72 = -3*k - 5*y. Calculate the remainder when 2445 is divided by k.
21
Let f be -3 - -7 - (0 + 0). Suppose -24 = 5*l - o - 3, -f*l - 12 = -2*o. What is the remainder when -24*(l/(-10) + -1) is divided by 3?
0
Suppose 0 = -4*z + 12 + 16. Suppose z*j - 17*j = -30. Calculate the remainder when 38 is divided by j.
2
Let y be ((-756)/(-8))/27*132/7. Suppose -221 = y*q - 83*q. What is the remainder when q is divided by 7?
6
Suppose -189*j = -40*j - 67*j - 170560. What is the remainder when j is divided by 94?
12
What is the remainder when 108/135*(2820 - -5) is divided by 26?
24
Suppose -34*z + 29*z = 4*s - 96749, 24185 = s + 2*z. What is the remainder when s is divided by 168?
167
Let t(b) = 23*b**2 - 5*b. Let s be -1*3/((-6)/4 - -3). Calculate the remainder when t(s) is divided by 26.
24
Let o = 758 + -749. Let g(f) = -f**3 + f**2. Let d be g(-4). Suppose 6*l = 2*l + d. What is the remainder when l is divided by o?
2
Let u(g) = 74*g - 25. Let c be u(-1). Let z = 200 + c. What is the remainder when z is divided by 29?
14
Let p(q) = q**3 - 5*q**2 - 2*q - 1. Let w = 157072 + -157054. Calculate the remainder when p(9) is divided by w.
17
Suppose 36*f + 45*f - 229 = 6737. What is the remainder when 329 is divided by f?
71
Suppose 11*v = 10*v + 116. Let t = v - 24. Calculate the remainder when t is divided by 20.
12
Suppose -11*j - 84 = -5*s - 8*j, 4*j = -32. What is the remainder when 1536 is divided by s?
0
Suppose 4*n + 3*z = 607, -22*n + 454 = -19*n + 2*z. What is the remainder when 2356 is divided by n?
136
Let v = -116 - -140. Let h be (-3 + -1)/(v/(-606)). Suppose -5*l + h = -24. What is the remainder when l is divided by 7?
4
Let x(l) = -6*l + 64. Let k be x(18). Suppose -3*q + q + 22 = 0. Calculate the remainder when 27 is divided by (q/4)/((-11)/k).
5
Suppose 5*r = r + 44. Suppose -2*d - 5*a = 2*d - 343, 3*a - 432 = -5*d. Suppose -4*u + y = -d, 0*y + 5*y = -15. Calculate the remainder when u is divided by r.
10
Let c = -29095 + 31540. Calculate the remainder when c is divided by 2445.
0
Suppose 0 = 5*j + 12*j - 187. Suppose -j*l = 6*l - 6239. Calculate the remainder when l is divided by 16.
15
What is the remainder when 46/(-69)*(-321)/2 is divided by 9?
8
Let c(b) be the first derivative of 4*b**2 + 82*b - 78. What is the remainder when 30 is divided by c(-8)?
12
Calculate the remainder when (2/(-3))/((-64216)/(-2676) + -24) is divided by 111.
1
Let n(u) = -4*u + 113. Let p be (-6 - -3) + (23 + -3 - -3). Calculate the remainder when 229 is divided by n(p).
31
Let h(q) be the third derivative of -7/60*q**5 - 1/3*q**3 + 0 + 32*q**2 + 1/15*q**6 + 0*q + 1/6*q**4. What is the remainder when h(2) is divided by 11?
9
Suppose 3*j + 5*x = 68, 12 = 2*j - x - 4*x. Suppose -2*z - 5*p = -5*z + 42, 4*p - 50 = -2*z. Let l = 50 - z. What is 